s 1000000100011000000 (base 2) in base 4?
1000203000
-675551 (base 8) to base 7
-1640211
What is 2079f (base 16) in base 3?
20202110210
Convert 35126060 (base 7) to base 16.
2f0957
What is -1000111010110101011111011 (base 2) in base 14?
-26aca5d
-1179467 (base 13) to base 15
-720778
Convert -2334111041 (base 5) to base 10.
-5378896
-113121221 (base 5) to base 7
-4264402
What is 1007003 (base 8) in base 6?
5410123
What is -21a43 (base 15) in base 5?
-11410223
-236ead (base 16) to base 6
-121434233
What is 1020021303 (base 4) in base 5?
33424124
What is 321548 (base 9) in base 13?
691a9
What is 1111001101011101000100 (base 2) in base 9?
7446447
Convert 100110100000101000010 (base 2) to base 7.
13503660
-10111010111000111 (base 2) to base 4
-113113013
-316040 (base 10) to base 9
-531465
Convert b42478 (base 13) to base 16.
402474
What is 120011020112002 (base 3) in base 12?
2845625
-234608b (base 13) to base 10
-10895038
Convert 3130300030 (base 4) to base 3.
1200221100001
What is -1578170 (base 9) in base 12?
-364539
Convert -1d1b9 (base 15) to base 16.
-172b3
Convert -1230042423 (base 5) to base 8.
-13253735
Convert 111001010100111110 (base 2) to base 6.
5011034
2022211221210 (base 3) to base 12
4b7aa0
Convert 691b4 (base 13) to base 9.
321557
Convert 142114501 (base 7) to base 12.
3152821
113554 (base 7) to base 5
1124041
What is 8785d8 (base 14) in base 4?
101201233002
-475434 (base 8) to base 13
-5900a
What is 64261 (base 10) in base 7?
355231
Convert 4421003 (base 5) to base 7.
435451
-100010100100110011 (base 2) to base 9
-235234
What is -292aa0 (base 13) in base 5?
-224141344
Convert -cacbab (base 14) to base 8.
-32160303
Convert -706e (base 15) to base 4.
-11302301
Convert -336237 (base 14) to base 6.
-101225333
What is -20140131 (base 5) in base 4?
-213201330
Convert 3c9dee (base 15) to base 11.
1714222
What is -2241450 (base 7) in base 14?
-739d0
What is -997010 (base 10) in base 3?
-1212122122022
2410536 (base 10) to base 9
4473563
Convert -31510033 (base 6) to base 4.
-3202033011
Convert -125662 (base 9) to base 8.
-225106
What is 121724 (base 15) in base 13?
243cc4
What is 30312 (base 16) in base 6?
4121510
Convert -1010331 (base 9) to base 5.
-114211043
11001110100011110010 (base 2) to base 4
3032203302
What is 1572a14 (base 13) in base 15?
91141c
Convert -5a8a2 (base 14) to base 12.
-a803a
-4013200 (base 5) to base 6
-1210114
Convert -bad3 (base 15) to base 2.
-1001101010010101
What is 25772a (base 13) in base 11?
566750
What is -127052 (base 11) in base 7?
-1461144
What is 10767 (base 12) in base 14?
7d4b
What is 466190 (base 11) in base 4?
2310232200
What is 120a9db (base 14) in base 3?
121020200102022
Convert 11456350 (base 7) to base 4.
3321223021
Convert 325021451 (base 6) to base 14.
abc647
What is 2442421340 (base 5) in base 10?
5826470
Convert 213069 (base 10) to base 7.
1545123
What is -21102020210 (base 3) in base 14?
-3b2b5
Convert 21012100211 (base 3) to base 8.
424573
11012002110112 (base 3) to base 8
10373467
-112420414 (base 5) to base 11
-321085
-1389513 (base 10) to base 3
-2121121001110
-7d3a (base 14) to base 4
-11110300
-111011111011100 (base 2) to base 15
-9159
Convert 200011020220 (base 3) to base 15.
70d66
931234 (base 11) to base 10
1494992
Convert 1011001101000010100 (base 2) to base 6.
11511352
-13ab27 (base 15) to base 5
-220310022
What is 13ab6 (base 13) in base 4?
21001333
745865 (base 9) to base 16
6c623
What is 422223041 (base 5) in base 8?
6551310
1505215 (base 9) to base 14
17893d
-79741 (base 12) to base 15
-32de1
-1126234 (base 7) to base 13
-4c4bc
Convert eebae (base 15) to base 2.
10111001001101101111
-321132130 (base 5) to base 12
-550840
What is -208445 (base 9) in base 5?
-12434140
2431143 (base 9) to base 10
1319610
What is 357c15 (base 14) in base 8?
6760473
What is -270043 (base 8) in base 10?
-94243
-30203144 (base 7) to base 10
-2505353
What is 14251300 (base 7) in base 11?
835a48
Convert -1204423 (base 15) to base 2.
-110001010011001110100000
Convert -120201110122 (base 3) to base 6.
-10344325
What is 2234e (base 16) in base 12?
690ba
Convert 125001011 (base 6) to base 12.
9b3167
Convert -2002021200112 (base 3) to base 12.
-45514b
Convert -2010121111 (base 3) to base 16.
-a40e
What is -1111010011000110100101 (base 2) in base 5?
-2011313110
Convert 50b8a (base 13) to base 15.
2cd6d
121321101313 (base 4) to base 3
110202212200101
What is 3464056 (base 8) in base 3?
1202222011102
833071 (base 14) to base 16
4389bb
1025153 (base 9) to base 7
4442436
-3360310 (base 7) to base 15
-83c6d
Convert -13030120 (base 5) to base 10.
-126910
-20001020002200 (base 3) to base 15
-436e00
13dc23 (base 15) to base 6
32310310
What is 100101000011000001110 (base 2) in base 12?
4a663a
What is -1936442 (base 13) in base 16?
-7e2909
What is 55688 (base 10) in base 8?
154610
What is -266551 (base 8) in base 3?
-11202022122
1111001011210 (base 3) to base 8
3003322
What is 76d81c (base 14) in base 5?
2013020110
-7251518 (base 9) to base 16
-3b158d
-30066266 (base 7) to base 13
-691151
101212212010 (base 4) to base 6
242523324
Convert -11110121012 (base 4) to base 10.
-1394246
What is 368327 (base 13) in base 3?
2110012212122
What is 1267427 (base 10) in base 12?
51156b
Convert -15361457 (base 8) to base 6.
-203405503
Convert -1022a1 (base 15) to base 4.
-2323030012
-1145321412 (base 6) to base 10
-13136624
463bed (base 16) to base 15
60dc26
What is -100010000101011010 (base 2) in base 6?
-2554202
What is -8345 (base 10) in base 3?
-102110002
What is -1134a (base 14) in base 3?
-2010100200
What is 2c3c1c (base 13) in base 9?
2046563
90da89 (base 14) to base 15
6655b4
-185703 (base 14) to base 5
-210011442
Convert 29910 (base 13) to base 4.
103021131
Convert c9520 (base 13) to base 14.
965d6
2220145 (base 6) to base 12
54655
Convert -69818 (base 13) to base 10.
-192512
498646 (base 10) to base 14
cda18
-100111000101111101000 (base 2) to base 16
-138be8
105364 (base 10) to base 5
11332424
What is 1211221002102 (base 3) in base 9?
1757072
228224 (base 10) to base 13
7cb59
e31d61 (base 16) to base 8
70616541
215b18 (base 14) to base 9
2112013
What is -324332050 (base 6) in base 14?
-ab463c
What is -a28873 (base 14) in base 12?
-1a02659
Convert -9e275 (base 15) to base 12.
-20340b
Convert -384981 (base 11) to base 8.
-2241077
1164144 (base 7) to base 6
3115523
Convert 22dad (base 15) to base 8.
330760
What is -77bba (base 13) in base 14?
-592aa
-10f0 (base 16) to base 8
-10360
Convert 62da (base 16) to base 11.
18016
Convert -11002002201220 (base 3) to base 8.
-10210525
16286441 (base 10) to base 5
13132131231
Convert -2002306 (base 7) to base 2.
-111001101001101001
1627513 (base 10) to base 3
10001200112021
30922 (base 14) to base 10
117042
Convert -d9312 (base 15) to base 14.
-13d240
Convert -906b2 (base 15) to base 11.
-292504
What is -422761 (base 9) in base 13?
-8a574
Convert 12010100211 (base 3) to base 6.
2054551
1163466 (base 7) to base 6
3115023
What is 1106725 (base 8) in base 16?
48dd5
632005 (base 7) to base 15
22341
What is -d8698 (base 16) in base 7?
-10351220
-420e (base 15) to base 3
-201011012
Convert 11012210021002 (base 3) to base 16.
222cbf
What is -112130313 (base 4) in base 11?
-630aa
-d45 (base 16) to base 15
-1017
What is 87a37 (base 12) in base 7?
1345141
Convert 21120210121102 (base 3) to base 10.
4031084
2212010112221 (base 3) to base 5
342040211
Convert 1100101100000010111 (base 2) to base 3.
210010022210
What is 131001212021 (base 4) in base 13?
17652c8
-e34c (base 15) to base 6
-1010113
-25614443 (base 8) to base 6
-322202123
What is 100011111011001111000 (base 2) in base 4?
10133121320
Convert -51440643 (base 8) to base 13.
-234650b
What is 10200433 (base 5) in base 7?
501223
What is -2144c8 (base 14) in base 8?
-4227160
What is -320302230321 (base 4) in base 3?
-1001000101010200
What is -5f73fc (base 16) in base 8?
-27671774
What is -111011110000111001 (base 2) in base 4?
-323300321
Convert 104443010 (base 5) to base 7.
3660622
Convert -32c96 (base 13) to base 10.
-92228
-1001311244 (base 5) to base 12
-7b5285
Convert -48da6 (base 16) to base 7.
-2351663
What is -2aebae (base 16) in base 15?
-3a8681
What is 2011550 (base 7) in base 12?
b5b02
24883214 (base 9) to base 15
1115664
-234